{"id":474,"date":"2025-02-05T01:14:34","date_gmt":"2025-02-05T00:14:34","guid":{"rendered":"https:\/\/mascancadell.cat\/?page_id=474"},"modified":"2025-02-19T14:19:39","modified_gmt":"2025-02-19T13:19:39","slug":"declaracion-de-accesibilidad","status":"publish","type":"page","link":"https:\/\/mascancadell.cat\/ang\/declaracion-de-accesibilidad\/","title":{"rendered":"Accessibility Statement"},"content":{"rendered":"<div data-elementor-type=\"wp-page\" data-elementor-id=\"474\" class=\"elementor elementor-474\" data-elementor-post-type=\"page\">\n\t\t\t\t\t\t<section class=\"elementor-section elementor-top-section elementor-element elementor-element-80b0c87 elementor-section-stretched custom-class elementor-section-boxed elementor-section-height-default elementor-section-height-default\" data-id=\"80b0c87\" data-element_type=\"section\" data-settings=\"{&quot;stretch_section&quot;:&quot;section-stretched&quot;,&quot;background_background&quot;:&quot;classic&quot;}\">\n\t\t\t\t\t\t<div class=\"elementor-container elementor-column-gap-wider\">\n\t\t\t\t\t<div class=\"elementor-column elementor-col-100 elementor-top-column elementor-element elementor-element-95d881b\" data-id=\"95d881b\" data-element_type=\"column\">\n\t\t\t<div class=\"elementor-widget-wrap elementor-element-populated\">\n\t\t\t\t\t\t<section class=\"elementor-section elementor-inner-section elementor-element elementor-element-150ec20 elementor-section-boxed elementor-section-height-default elementor-section-height-default\" data-id=\"150ec20\" data-element_type=\"section\">\n\t\t\t\t\t\t<div class=\"elementor-container elementor-column-gap-default\">\n\t\t\t\t\t<div class=\"elementor-column elementor-col-100 elementor-inner-column elementor-element elementor-element-da9198b\" data-id=\"da9198b\" data-element_type=\"column\">\n\t\t\t<div class=\"elementor-widget-wrap elementor-element-populated\">\n\t\t\t\t\t\t<div class=\"elementor-element elementor-element-533b873 elementor-widget elementor-widget-text-editor\" data-id=\"533b873\" data-element_type=\"widget\" data-widget_type=\"text-editor.default\">\n\t\t\t\t<div class=\"elementor-widget-container\">\n\t\t\t\t\t\t\t\t\t<div class=\"flex-shrink-0 flex flex-col relative items-end\"><div class=\"pt-0\"><div class=\"gizmo-bot-avatar flex h-8 w-8 items-center justify-center overflow-hidden rounded-full\"><div class=\"relative p-1 rounded-sm flex items-center justify-center bg-token-main-surface-primary text-token-text-primary h-8 w-8\"><p><strong>Accessibility Statement<\/strong><\/p><\/div><\/div><\/div><\/div>\t\t\t\t\t\t\t\t<\/div>\n\t\t\t\t<\/div>\n\t\t\t\t<div class=\"elementor-element elementor-element-56c799b elementor-widget__width-initial elementor-widget elementor-widget-text-editor\" data-id=\"56c799b\" data-element_type=\"widget\" data-widget_type=\"text-editor.default\">\n\t\t\t\t<div class=\"elementor-widget-container\">\n\t\t\t\t\t\t\t\t\t<p>Online Vall\u00e9s has committed to making its website accessible, in accordance with Royal Decree 1112\/2018, of September 7, on the accessibility of websites and applications for mobile devices in the public sector. This accessibility statement applies to this website.<\/p><h4><strong>Compliance status<\/strong><\/h4><p>This website is developed according to RD 1112\/2018<\/p><h4><strong>Preparation for the following declaration of accessibility<\/strong><\/h4><p>This statement was prepared on April 20, 2023. The method used to prepare the statement has been a self-evaluation.<\/p><h4><strong>Observations and contact details<\/strong><\/h4><p>You can make communications about accessibility requirements (article 10.2.a of RD 1112\/2018) such as:<\/p><ul><li>Report any possible non-compliance on the part of this website<\/li><li>Transmit other difficulties accessing the content<\/li><li>Form any other query or improvement suggestion related to the accessibility of the website through the contact form on this website or through the telephone number<\/li><\/ul><p>You can present:<\/p><ul><li>Complaint regarding compliance with the requirements of RD 1112\/2018<\/li><li>Request for accessible information regarding:<ul><li>Contents that are excluded from the scope of application of RD 1112\/2018 according to what is established in article 3, section 4<\/li><li>Contents that are exempt from compliance with accessibility requirements to impose a disproportionate burden<\/li><li>In the request for accessible information, the facts, the reasons and the request must be specified, with all clarity, which allow it to be verified that it is a reasonable and legitimate request.<\/li><\/ul><\/li><\/ul><p>Complaints and complaints about accessible information will be made through the electronic headquarters (https:\/\/sede.red.gob.es\/procedimientos\/quejas-y-sugerencias), and will be received and handled by the Information Systems area of Red.es.<\/p><h4><strong>Optional content<\/strong><\/h4><ul><li>If you want to change the font size of the text in the main graphic browsers use the following menus:<\/li><li>Safari: View &gt; Make text larger<\/li><li>Chrome: Control the current page &gt; Text size<\/li><\/ul><p>To change the size of everything on the page:<\/p><ul><li>Ctrl++ to increase it<\/li><li>Ctrl + \u2013 to decrease it<\/li><li>Ctrl + 0 restores the original text size<\/li><li>If what you want is to cancel the style sheet or modify the color of the text, you can consult the WAI How to Change Text Size or Colors page, which can be read translated into Spanish in C\u00f3mo cambiar el tama\u00f1o del texto o colores?<\/li><\/ul>\t\t\t\t\t\t\t\t<\/div>\n\t\t\t\t<\/div>\n\t\t\t\t\t<\/div>\n\t\t<\/div>\n\t\t\t\t\t<\/div>\n\t\t<\/section>\n\t\t\t\t\t<\/div>\n\t\t<\/div>\n\t\t\t\t\t<\/div>\n\t\t<\/section>\n\t\t\t\t<\/div>","protected":false},"excerpt":{"rendered":"<p>Declaration of Online Accessibility Vall\u00e9s has committed to making its website accessible, in accordance with Royal Decree 1112\/2018, of September 7, on accessibility of<span class=\"excerpt-hellip\"> [\u2026]<\/span><\/p>","protected":false},"author":1,"featured_media":0,"parent":0,"menu_order":0,"comment_status":"closed","ping_status":"closed","template":"elementor_header_footer","meta":{"footnotes":""},"class_list":["post-474","page","type-page","status-publish","hentry"],"yoast_head":"<!-- This site is optimized with the Yoast SEO plugin v24.4 - https:\/\/yoast.com\/wordpress\/plugins\/seo\/ -->\n<title>Declaraci\u00f3n de Accesibilidad - Mas Cancadell<\/title>\n<meta name=\"robots\" content=\"noindex, follow, max-snippet:-1, max-image-preview:large, max-video-preview:-1\" \/>\n<meta property=\"og:locale\" content=\"en_GB\" \/>\n<meta property=\"og:type\" content=\"article\" \/>\n<meta property=\"og:title\" content=\"Declaraci\u00f3n de Accesibilidad - Mas Cancadell\" \/>\n<meta property=\"og:description\" content=\"Declaraci\u00f3n de Accesibilidad Online Vall\u00e9s se ha comprometido a hacer accesible su sitio web, conforme al Real Decreto 1112\/2018, de 7 de septiembre, sobre accesibilidad de [\u2026]\" \/>\n<meta property=\"og:url\" content=\"https:\/\/mascancadell.cat\/ang\/declaracion-de-accesibilidad\/\" \/>\n<meta property=\"og:site_name\" content=\"Mas Cancadell\" \/>\n<meta property=\"article:modified_time\" content=\"2025-02-19T13:19:39+00:00\" \/>\n<meta name=\"twitter:card\" content=\"summary_large_image\" \/>\n<meta name=\"twitter:label1\" content=\"Estimated reading time\" \/>\n\t<meta name=\"twitter:data1\" content=\"2 minutes\" \/>\n<script type=\"application\/ld+json\" class=\"yoast-schema-graph\">{\"@context\":\"https:\/\/schema.org\",\"@graph\":[{\"@type\":\"WebPage\",\"@id\":\"https:\/\/mascancadell.cat\/declaracion-de-accesibilidad\/\",\"url\":\"https:\/\/mascancadell.cat\/declaracion-de-accesibilidad\/\",\"name\":\"Declaraci\u00f3n de Accesibilidad - Mas Cancadell\",\"isPartOf\":{\"@id\":\"https:\/\/mascancadell.cat\/#website\"},\"datePublished\":\"2025-02-05T00:14:34+00:00\",\"dateModified\":\"2025-02-19T13:19:39+00:00\",\"breadcrumb\":{\"@id\":\"https:\/\/mascancadell.cat\/declaracion-de-accesibilidad\/#breadcrumb\"},\"inLanguage\":\"en-GB\",\"potentialAction\":[{\"@type\":\"ReadAction\",\"target\":[\"https:\/\/mascancadell.cat\/declaracion-de-accesibilidad\/\"]}]},{\"@type\":\"BreadcrumbList\",\"@id\":\"https:\/\/mascancadell.cat\/declaracion-de-accesibilidad\/#breadcrumb\",\"itemListElement\":[{\"@type\":\"ListItem\",\"position\":1,\"name\":\"Portada\",\"item\":\"https:\/\/mascancadell.cat\/\"},{\"@type\":\"ListItem\",\"position\":2,\"name\":\"Declaraci\u00f3n de Accesibilidad\"}]},{\"@type\":\"WebSite\",\"@id\":\"https:\/\/mascancadell.cat\/#website\",\"url\":\"https:\/\/mascancadell.cat\/\",\"name\":\"Mas Cancadell\",\"description\":\"\",\"potentialAction\":[{\"@type\":\"SearchAction\",\"target\":{\"@type\":\"EntryPoint\",\"urlTemplate\":\"https:\/\/mascancadell.cat\/?s={search_term_string}\"},\"query-input\":{\"@type\":\"PropertyValueSpecification\",\"valueRequired\":true,\"valueName\":\"search_term_string\"}}],\"inLanguage\":\"en-GB\"}]}<\/script>\n<!-- \/ Yoast SEO plugin. -->","yoast_head_json":{"title":"Declaraci\u00f3n de Accesibilidad - Mas Cancadell","robots":{"index":"noindex","follow":"follow","max-snippet":"max-snippet:-1","max-image-preview":"max-image-preview:large","max-video-preview":"max-video-preview:-1"},"og_locale":"en_GB","og_type":"article","og_title":"Declaraci\u00f3n de Accesibilidad - Mas Cancadell","og_description":"Declaraci\u00f3n de Accesibilidad Online Vall\u00e9s se ha comprometido a hacer accesible su sitio web, conforme al Real Decreto 1112\/2018, de 7 de septiembre, sobre accesibilidad de [\u2026]","og_url":"https:\/\/mascancadell.cat\/ang\/declaracion-de-accesibilidad\/","og_site_name":"Mas Cancadell","article_modified_time":"2025-02-19T13:19:39+00:00","twitter_card":"summary_large_image","twitter_misc":{"Estimated reading time":"2 minutes"},"schema":{"@context":"https:\/\/schema.org","@graph":[{"@type":"WebPage","@id":"https:\/\/mascancadell.cat\/declaracion-de-accesibilidad\/","url":"https:\/\/mascancadell.cat\/declaracion-de-accesibilidad\/","name":"Declaraci\u00f3n de Accesibilidad - Mas Cancadell","isPartOf":{"@id":"https:\/\/mascancadell.cat\/#website"},"datePublished":"2025-02-05T00:14:34+00:00","dateModified":"2025-02-19T13:19:39+00:00","breadcrumb":{"@id":"https:\/\/mascancadell.cat\/declaracion-de-accesibilidad\/#breadcrumb"},"inLanguage":"en-GB","potentialAction":[{"@type":"ReadAction","target":["https:\/\/mascancadell.cat\/declaracion-de-accesibilidad\/"]}]},{"@type":"BreadcrumbList","@id":"https:\/\/mascancadell.cat\/declaracion-de-accesibilidad\/#breadcrumb","itemListElement":[{"@type":"ListItem","position":1,"name":"Portada","item":"https:\/\/mascancadell.cat\/"},{"@type":"ListItem","position":2,"name":"Declaraci\u00f3n de Accesibilidad"}]},{"@type":"WebSite","@id":"https:\/\/mascancadell.cat\/#website","url":"https:\/\/mascancadell.cat\/","name":"Mas Cancadell","description":"","potentialAction":[{"@type":"SearchAction","target":{"@type":"EntryPoint","urlTemplate":"https:\/\/mascancadell.cat\/?s={search_term_string}"},"query-input":{"@type":"PropertyValueSpecification","valueRequired":true,"valueName":"search_term_string"}}],"inLanguage":"en-GB"}]}},"_links":{"self":[{"href":"https:\/\/mascancadell.cat\/ang\/wp-json\/wp\/v2\/pages\/474","targetHints":{"allow":["GET"]}}],"collection":[{"href":"https:\/\/mascancadell.cat\/ang\/wp-json\/wp\/v2\/pages"}],"about":[{"href":"https:\/\/mascancadell.cat\/ang\/wp-json\/wp\/v2\/types\/page"}],"author":[{"embeddable":true,"href":"https:\/\/mascancadell.cat\/ang\/wp-json\/wp\/v2\/users\/1"}],"replies":[{"embeddable":true,"href":"https:\/\/mascancadell.cat\/ang\/wp-json\/wp\/v2\/comments?post=474"}],"version-history":[{"count":7,"href":"https:\/\/mascancadell.cat\/ang\/wp-json\/wp\/v2\/pages\/474\/revisions"}],"predecessor-version":[{"id":837,"href":"https:\/\/mascancadell.cat\/ang\/wp-json\/wp\/v2\/pages\/474\/revisions\/837"}],"wp:attachment":[{"href":"https:\/\/mascancadell.cat\/ang\/wp-json\/wp\/v2\/media?parent=474"}],"curies":[{"name":"wp","href":"https:\/\/api.w.org\/{rel}","templated":true}]}}

<div data-elementor-type="wp-page" data-elementor-id="474" class="elementor elementor-474" data-elementor-post-type="page">
						<section class="elementor-section elementor-top-section elementor-element elementor-element-80b0c87 elementor-section-stretched custom-class elementor-section-boxed elementor-section-height-default elementor-section-height-default" data-id="80b0c87" data-element_type="section" data-settings="{&quot;stretch_section&quot;:&quot;section-stretched&quot;,&quot;background_background&quot;:&quot;classic&quot;}">
						<div class="elementor-container elementor-column-gap-wider">
					<div class="elementor-column elementor-col-100 elementor-top-column elementor-element elementor-element-95d881b" data-id="95d881b" data-element_type="column">
			<div class="elementor-widget-wrap elementor-element-populated">
						<section class="elementor-section elementor-inner-section elementor-element elementor-element-150ec20 elementor-section-boxed elementor-section-height-default elementor-section-height-default" data-id="150ec20" data-element_type="section">
						<div class="elementor-container elementor-column-gap-default">
					<div class="elementor-column elementor-col-100 elementor-inner-column elementor-element elementor-element-da9198b" data-id="da9198b" data-element_type="column">
			<div class="elementor-widget-wrap elementor-element-populated">
						<div class="elementor-element elementor-element-533b873 elementor-widget elementor-widget-text-editor" data-id="533b873" data-element_type="widget" data-widget_type="text-editor.default">
				<div class="elementor-widget-container">
									<div class="flex-shrink-0 flex flex-col relative items-end"><div class="pt-0"><div class="gizmo-bot-avatar flex h-8 w-8 items-center justify-center overflow-hidden rounded-full"><div class="relative p-1 rounded-sm flex items-center justify-center bg-token-main-surface-primary text-token-text-primary h-8 w-8"><p><strong>Accessibility Statement</strong></p></div></div></div></div>								</div>
				</div>
				<div class="elementor-element elementor-element-56c799b elementor-widget__width-initial elementor-widget elementor-widget-text-editor" data-id="56c799b" data-element_type="widget" data-widget_type="text-editor.default">
				<div class="elementor-widget-container">
									<p>Online Vallés has committed to making its website accessible, in accordance with Royal Decree 1112/2018, of September 7, on the accessibility of websites and applications for mobile devices in the public sector. This accessibility statement applies to this website.</p><h4><strong>Compliance status</strong></h4><p>This website is developed according to RD 1112/2018</p><h4><strong>Preparation for the following declaration of accessibility</strong></h4><p>This statement was prepared on April 20, 2023. The method used to prepare the statement has been a self-evaluation.</p><h4><strong>Observations and contact details</strong></h4><p>You can make communications about accessibility requirements (article 10.2.a of RD 1112/2018) such as:</p><ul><li>Report any possible non-compliance on the part of this website</li><li>Transmit other difficulties accessing the content</li><li>Form any other query or improvement suggestion related to the accessibility of the website through the contact form on this website or through the telephone number</li></ul><p>You can present:</p><ul><li>Complaint regarding compliance with the requirements of RD 1112/2018</li><li>Request for accessible information regarding:<ul><li>Contents that are excluded from the scope of application of RD 1112/2018 according to what is established in article 3, section 4</li><li>Contents that are exempt from compliance with accessibility requirements to impose a disproportionate burden</li><li>In the request for accessible information, the facts, the reasons and the request must be specified, with all clarity, which allow it to be verified that it is a reasonable and legitimate request.</li></ul></li></ul><p>Complaints and complaints about accessible information will be made through the electronic headquarters (https://sede.red.gob.es/procedimientos/quejas-y-sugerencias), and will be received and handled by the Information Systems area of Red.es.</p><h4><strong>Optional content</strong></h4><ul><li>If you want to change the font size of the text in the main graphic browsers use the following menus:</li><li>Safari: View &gt; Make text larger</li><li>Chrome: Control the current page &gt; Text size</li></ul><p>To change the size of everything on the page:</p><ul><li>Ctrl++ to increase it</li><li>Ctrl + – to decrease it</li><li>Ctrl + 0 restores the original text size</li><li>If what you want is to cancel the style sheet or modify the color of the text, you can consult the WAI How to Change Text Size or Colors page, which can be read translated into Spanish in Cómo cambiar el tamaño del texto o colores?</li></ul>								</div>
				</div>
					</div>
		</div>
					</div>
		</section>
					</div>
		</div>
					</div>
		</section>
				</div>

<p>Declaration of Online Accessibility Vallés has committed to making its website accessible, in accordance with Royal Decree 1112/2018, of September 7, on accessibility of<span class="excerpt-hellip"> […]</span></p>

<!-- This site is optimized with the Yoast SEO plugin v24.4 - https://yoast.com/wordpress/plugins/seo/ -->
<title>Declaración de Accesibilidad - Mas Cancadell</title>
<meta name="robots" content="noindex, follow, max-snippet:-1, max-image-preview:large, max-video-preview:-1" />
<meta property="og:locale" content="en_GB" />
<meta property="og:type" content="article" />
<meta property="og:title" content="Declaración de Accesibilidad - Mas Cancadell" />
<meta property="og:description" content="Declaración de Accesibilidad Online Vallés se ha comprometido a hacer accesible su sitio web, conforme al Real Decreto 1112/2018, de 7 de septiembre, sobre accesibilidad de […]" />
<meta property="og:url" content="https://mascancadell.cat/ang/declaracion-de-accesibilidad/" />
<meta property="og:site_name" content="Mas Cancadell" />
<meta property="article:modified_time" content="2025-02-19T13:19:39+00:00" />
<meta name="twitter:card" content="summary_large_image" />
<meta name="twitter:label1" content="Estimated reading time" />
	<meta name="twitter:data1" content="2 minutes" />
<script type="application/ld+json" class="yoast-schema-graph">{"@context":"https://schema.org","@graph":[{"@type":"WebPage","@id":"https://mascancadell.cat/declaracion-de-accesibilidad/","url":"https://mascancadell.cat/declaracion-de-accesibilidad/","name":"Declaración de Accesibilidad - Mas Cancadell","isPartOf":{"@id":"https://mascancadell.cat/#website"},"datePublished":"2025-02-05T00:14:34+00:00","dateModified":"2025-02-19T13:19:39+00:00","breadcrumb":{"@id":"https://mascancadell.cat/declaracion-de-accesibilidad/#breadcrumb"},"inLanguage":"en-GB","potentialAction":[{"@type":"ReadAction","target":["https://mascancadell.cat/declaracion-de-accesibilidad/"]}]},{"@type":"BreadcrumbList","@id":"https://mascancadell.cat/declaracion-de-accesibilidad/#breadcrumb","itemListElement":[{"@type":"ListItem","position":1,"name":"Portada","item":"https://mascancadell.cat/"},{"@type":"ListItem","position":2,"name":"Declaración de Accesibilidad"}]},{"@type":"WebSite","@id":"https://mascancadell.cat/#website","url":"https://mascancadell.cat/","name":"Mas Cancadell","description":"","potentialAction":[{"@type":"SearchAction","target":{"@type":"EntryPoint","urlTemplate":"https://mascancadell.cat/?s={search_term_string}"},"query-input":{"@type":"PropertyValueSpecification","valueRequired":true,"valueName":"search_term_string"}}],"inLanguage":"en-GB"}]}</script>
<!-- / Yoast SEO plugin. -->

Declaración de Accesibilidad - Mas Cancadell

Declaración de Accesibilidad Online Vallés se ha comprometido a hacer accesible su sitio web, conforme al Real Decreto 1112/2018, de 7 de septiembre, sobre accesibilidad de […]

Declaración de Accesibilidad
